(w) = 3*w**2 + 21*w + 32. Let t(r) = q*i(r) + 7*b(r). Determine t(-7).
-6
Let n = -294 + 304. Let x(h) = 67 - n*h**2 - 68 + 9*h**2 - h. What is x(0)?
-1
Let h(g) = g**3 - 6*g**2 - 8*g - 4. Let u(w) = -6*w**2 - 84*w - 18. Let y be u(-14). Let m be ((-1)/(-2))/(9/y) - -8. Calculate h(m).
-11
Let p(x) be the third derivative of -1/120*x**6 + x**3 - 7*x**2 + 0 + 29*x + 0*x**4 - 7/60*x**5. What is p(-7)?
6
Let d(q) = 2*q**2 - 3*q + 3. Let a = 50 - 30. Suppose -88 = 2*s + 4*l, -4*l - a = s + 24. Let u = -42 - s. Give d(u).
5
Suppose 221*t - 226*t - 35 = 0. Let v(l) = 5*l**3 + 2*l**2 - 13*l - 2. Let k(i) = -i**3 + i**2 + i. Let g(s) = 4*k(s) + v(s). What is g(t)?
12
Let q(t) = 3*t**2 - 2*t - 4. Let v(d) = d**3 - 8*d**2 - 3*d + 68. Let k be v(7). Let b be q(k). Let j(r) = r**2 - 13*r + 18. Calculate j(b).
6
Let a(m) = -m**2 - 8*m - 6. Suppose -3*p - 2*o + 0*o = -403, -409 = -3*p - 5*o. Let w = 47 - p. Let s = w + 78. Determine a(s).
-6
Let v be 19 - (3 + (-6)/3). Let b = -14 + v. Let r(s) be the third derivative of s**5/60 - s**4/6 - s**3/6 - 16*s**2 - 7. Give r(b).
-1
Let c(g) = g**2 - 6*g + 4. Suppose -22 = 78*a - 256. What is c(a)?
-5
Let a be (3/6)/(2/260). Suppose 5*f = -5*x + 45, 27 = -2*f + 3*f + 4*x. Suppose f*q = -10*q - a. Let n(u) = -u - 5. Determine n(q).
0
Let l(i) be the third derivative of i**9/12096 + i**8/20160 + i**7/5040 - i**6/720 + 23*i**5/20 - 94*i**2. Let d(h) be the third derivative of l(h). Give d(1).
6
Let z be (-4)/(-14) - -5*(-3)/(-21). Let j(y) = 9*y + 6. Let i(o) = 2*o + 1. Let f(h) = z*j(h) - 6*i(h). Give f(-1).
3
Let l(j) = -8*j + 231. Let s(z) = -2*z + 66. Let g(a) = 2*l(a) - 7*s(a). Determine g(1).
-2
Let a(i) = -796*i - 3*i**2 - 42 + 4*i**2 + 6 + 771*i. Give a(26).
-10
Suppose -32 = 3*l - 2*s, -s + 18 = -4*l - 13. Let o be 0 - (-2 + 0/1). Let g(u) = 7 - 3*u**2 + 2*u**3 - 3*u**o - 3*u**3. Give g(l).
7
Let u(k) be the first derivative of -1/360*k**6 + 0*k + 0*k**2 - k**3 - 1/15*k**5 + 1/24*k**4 - 9. Let l(o) be the third derivative of u(o). Determine l(-7).
8
Let j(u) = 2*u**2 + 3*u + 6. Let g(q) = -1. Let r(l) = 4*g(l) + j(l). Suppose 24 = 661*i - 667*i. What is r(i)?
22
Let s(b) = -b**3 - 6*b**2 + 9. Let r(x) = 3*x**3 + 33*x**2 - 40*x - 55. Let o be r(-12). What is s(o)?
58
Let b(p) = -p**2 - 4*p + 46. Let z(h) = -h**2 + 47*h + 1709. Let j be z(71). Determine b(j).
1
Let v(o) = 72 - 237 + 74 + 120 - o. Calculate v(-14).
43
Let q = -46 + 100. Suppose -24*a + q = -15*a. Suppose -n + a*n = -5. Let y(w) = -8*w. Determine y(n).
8
Let y(c) = -c**3 + 7*c**2 - 6*c - 1. Let a = -9 - -18. Let j(p) = p**2 - 8*p - 3. Let u be j(a). What is y(u)?
-1
Suppose 431*j - 92 = 427*j. Let k(n) = -n**3 + 22*n**2 + 24*n - 31. Determine k(j).
-8
Let y(q) = 1986*q - 4*q**3 - 3984*q - 11*q**2 + 1990*q + 3*q**3 + 19. Let b(t) = -t**3 - 11*t**2 - 8*t + 22. Let v(d) = 3*b(d) - 4*y(d). Calculate v(-10).
10
Let q = 45 - 42. Suppose i - q = -1. Suppose i*l = -0*l + 2. Let x(a) = 5*a**2 - a + 1. Give x(l).
5
Let j = -513 - -517. Suppose 0 = -4*x - 3*z + z - 20, -j*x - 4*z = 20. Let r(g) = g + 6. Give r(x).
1
Let z(h) be the third derivative of -h**5/30 - h**4/4 - h**3 - 54*h**2. Let s(v) = 5*v**2 + 11*v + 13. Let q(a) = 4*s(a) + 9*z(a). Calculate q(7).
26
Let v(b) = 2*b**2 - 16*b - 169. Let z be v(-6). Let l(w) = 24*w - 6. Determine l(z).
-30
Let p be (-60)/(180/15) + (-1 - 4). Let z(m) = 3*m + 32. Calculate z(p).
2
Let r(a) = a**2 - 9*a - 2. Let d(p) = -p**3 + 5*p**2 + 7. Let j = -17 + 19. Suppose -j*g + 25 = 3*g. Let u be d(g). Determine r(u).
-16
Let b(x) = -87*x + 170*x - 97*x + 49. What is b(4)?
-7
Let q(p) = -4*p - 6. Suppose 8*d = 10*d - 18. Let h(c) = -c**2 + 7*c + 14. Let x be h(d). Give q(x).
10
Let l be 3/(-4) - 2/8. Suppose 100 = 209*r - 199*r. Let x(d) = -3*d - 3*d - 4*d + r*d - 2*d. Calculate x(l).
2
Let w(p) = -343 + 638 - 2*p**2 + 12*p - 317. Determine w(5).
-12
Let o be ((-58)/6 + 7 + 3)/(5/(-60)). Let r(f) = f**3 + 6*f**2 + f + 4. Determine r(o).
32
Let c(s) = -3*s + 30. Suppose 0 = 5*a - 575*p + 572*p - 39, 2*a - 21 = 3*p. Give c(a).
12
Let f(x) be the third derivative of x**4/24 - 2*x**3 - 9*x**2. Let v be 5/90*6*0. What is f(v)?
-12
Suppose 4*s = -v - 2500, 6*s - 2*s - 3*v = -2484. Let c = s + 613. Let b(y) = -y**2 - 5*y + 7. What is b(c)?
-59
Let l(y) = -15*y + 49. Let g be ((-16)/18)/(-18 - 1440/(-81)). Give l(g).
-11
Let w(r) = 3*r - 2*r - r**2 + 3*r + 3. Suppose -532 = 5*i - 1662. Let c = -220 + i. Calculate w(c).
-9
Let w(t) = 101*t - 12. Let g(v) = 121*v - 13. Let d(f) = -5*g(f) + 6*w(f). Determine d(-14).
-21
Let l(w) be the second derivative of -25*w**3/6 + 9*w**2/2 + 109*w. Let s(p) = 4*p - 2. Let u(t) = -l(t) - 6*s(t). Give u(-3).
0
Let z(r) = -61 + r + 162 - 100. Let s(q) = q**3 - 4*q**2 + 4. Let t be s(3). Calculate z(t).
-4
Let f(n) be the third derivative of n**5/60 + n**4/2 + 2*n**3 - n**2. Let d(x) = 8*x**2 - 59*x + 11. Let j be d(7). Give f(j).
-8
Suppose 3*m + 108 = 120. Let h(b) = -22 + 41 - b - m. What is h(6)?
9
Let k(y) = y**2 - 5*y + 4. Let m(g) = -4*g**2 + 14*g - 11. Let a(i) = 8*k(i) + 3*m(i). Suppose 12*b - 776 + 764 = 0. Calculate a(b).
-3
Suppose a + s + 5 = 0, -198*s = a - 201*s + 9. Let l(g) = g**3 + 6*g**2 + 16. Determine l(a).
16
Let g(w) be the third derivative of w**6/120 + 7*w**5/30 - 13*w**4/24 + 25*w**3/6 - 61*w**2 + 3. Suppose -9*h + 10*h + 30 = -5*i, i - 42 = 3*h. Determine g(h).
-5
Let r(b) = -11*b**2 + 2*b + 10. Let n(l) = -13*l**2 + 3*l + 11. Let z(k) = 6*n(k) - 7*r(k). Let m = -1115 - -1121. Calculate z(m).
-16
Suppose -5*o + 6*y = -32, 49 = 26*o - 22*o + 3*y. Let p(n) = 11*n - 110. Calculate p(o).
0
Let h(c) = -c**2 + 8*c - 5. Let n be h(7). Let u(o) = -4*o**2 + 7*o + 5 + 6*o**2 - n*o + 2*o. Let m = 36588 - 36592. Give u(m).
9
Let t(i) = -i**3 + 7*i**2 + 2*i - 19. Let u(f) = -2*f**3 - 9*f**2 - 46*f - 65. Let k be u(-2). Calculate t(k).
-5
Suppose o - 8 = 2*m, o = 5*m - 3 + 17. Let f be ((-108)/486)/(m/(-18)). Let t(c) = -c - 2. Give t(f).
0
Let w(c) be the second derivative of 0 - 5/2*c**2 + 1/20*c**5 - 7/12*c**4 + 1/6*c**3 - 62*c. Determine w(7).
2
Suppose -5*b + 10 - 172 = -4*u, -2*u - 84 = 3*b. Let o(h) = -4*h - 123. Let j be o(b). Let g(l) = -l**3 - 2*l**2 + 3*l + 4. Determine g(j).
4
Suppose 4*y - 1 = -5. Let s be 6/24 - 2*35/(-40). Let a(c) = s*c**3 - 127 - 2*c - 131 + 257. Give a(y).
-1
Let s(o) = 362 - 142 + 15*o - 389. Calculate s(11).
-4
Let v(r) = 5*r**2 - 191*r + 88. Let a(j) = j**2 - 42*j + 22. Let o(l) = 9*a(l) - 2*v(l). What is o(0)?
22
Let h(r) = -r**3 - 7*r**2 - 4*r - 16. Let y = -7751 - -7746. Determine h(y).
-46
Suppose 508*s - 5828 + 748 = 0. Let c(o) be the third derivative of o**4/24 - 7*o**3/3 - 2*o**2. What is c(s)?
-4
Let g(q) = q**3 - 12*q**2 + 12*q - 6. Let i be g(11). Suppose 0 = i*x - 0 + 270. Let w = x + 61. Let a(c) = -2*c + 8. What is a(w)?
-6
Let f(l) = -146*l**2 - 2*l**3 - 44 + 14*l + 188*l**2 + 4*l**3 - 16*l**3. Let c(a) = -5*a**3 + 14*a**2 + 5*a - 15. Let b(t) = 11*c(t) - 4*f(t). What is b(14)?
-3
Let v(q) = -3*q**2 + 47*q + 12. Suppose -53*z + 46*z + 112 = 0. Give v(z).
-4
Let j(h) = -4*h - 1. Let u(c) = -30*c - 18. Let z(m) = -8*j(m) + u(m). Calculate z(0).
-10
Let n(w) = 6*w - 159. Suppose -21*l + 1118 = 22*l. What is n(l)?
-3
Let s = -66 - -68. Let j(f) = -f**3 + 2 - 7*f - 2 - 1 + 77*f**s - 85*f**2. Let q be j(-7). Let u(x) = 7*x**3 + x**2. What is u(q)?
-6
Let j(p) = 3*p**2 - 71*p - 324. Let u be j(-4). Let t(a) = -a**2 + 8*a - 8. Calculate t(u).
-8
Let f(h) be the third derivative of -h**6/120 + h**4/24 - 37*h**3/3 + 16*h**2 - 6*h. Give f(0).
-74
Suppose 3*g - 8 = u + 3*u, -6 = 5*g + 3*u. Suppose -12*d + g*d = -144. Let w(y) = -y**2 - d*y**3 - 192 + 193 - y + 2*y. Determine w(-1).
11
Let z(c) = 2*c + 9. Let m(h) = 2*h + 6. Let t(u) = 5*m(u) - 6*z(u). Let g be t(-8). Let y(r) = -r**3 - 9*r**2 - 7*r - 2. Determine y(g).
-10
Let c = 36345 - 36352. Let i(l) = -71*l - 495. What is i(c)?
2
Let z(m) = -23*m**2 - 84*m + 20. Let q(s) = 13*s**2 + 42*s - 10. Let b(g) = 5*q(g) + 3*z(g). Determine b(-11).
-12
Let n(i) = -i**3 + 7*i - 28*i**2 - 2*i - i - 5*i + 24*i**2. What is n(-4)?
4
Let y(k) be the second derivative of -1/3*k**4 + 0*k**3 - k**2 - k - 60. Let d = -3 - -5. Give y(d).
-18
Let t(d) = -d - 2. Let f be t(6). Let w(a) = 340 + 2026*a - 2027*